*3 + a**2/2 + a - 4. Let q be s(-1). Let g = 110 + q. Is g a prime number?
False
Suppose -465 + 174 = -3*r. Suppose -3*s = 2*u + 2*u - r, -s - 5*u + 25 = 0. Is s a prime number?
False
Let a(c) = -c**2 + 6*c - 2. Let m be a(5). Is m/2*398/3 composite?
False
Let t be (0 - -2)/(4 + -3). Suppose -3*a + 2*p + 291 = 0, -333 = -5*a - t*p + 152. Is a a prime number?
True
Suppose 11*p - p - 1850 = 0. Is p prime?
False
Let j = 66 - 121. Let b = j - -150. Is b prime?
False
Let c(b) = b**3 - 6*b**2 + 3*b + 4. Let w be c(5). Is (-1)/(-3) - 472/w composite?
False
Suppose 16*s - 4 = 14*s. Let d(l) = 20*l**3 - 2*l**2 - 2*l + 1. Is d(s) a composite number?
False
Suppose -4*u + 2*x + 20 = 0, 2*u - 20 = -2*u + x. Suppose -3*p + 6 = 3*f - 195, 4*p + u*f = 266. Is p a composite number?
True
Suppose 4*t = -0*g - 3*g + 245, 5*g - t = 416. Suppose k = -2*l + 178, -g = -l - 0*l - 2*k. Is l a prime number?
False
Let w(t) = 196*t - 11. Is w(7) composite?
False
Suppose -4*c + 5*u + 2 = 0, 0*c - 3*c + u = -7. Let g = 3 - c. Suppose g*v = 2*v - 70. Is v prime?
False
Let w be 50/3 - 2/(-6). Suppose -5*r = 5*d - 70, d - r - w = r. Let p = d + -8. Is p composite?
False
Let y = 0 + 1. Suppose -r - 12 = -y. Let i(b) = -b**2 - 24*b. Is i(r) composite?
True
Suppose -2*c = 8, 3*v = 3*c - 308 + 26. Let f = -59 - v. Is f prime?
False
Is (-8)/6 - (-1012)/12 a composite number?
False
Let s(k) = -4*k - 3. Let p(c) = 4*c + 3. Suppose 0 = -3*i - 0*i + 15. Let y(t) = i*p(t) + 6*s(t). Is y(-9) a composite number?
True
Let s = 7 - -19. Is s composite?
True
Let j be 0/3 - (-1 + -1). Suppose j*u + 1 + 3 = 0. Is -1 + 11 + (u - -1) a composite number?
True
Let b = -238 - -573. Is b a composite number?
True
Suppose -3*d + 2 = -y + 4, -5*d + 2*y = 4. Let l(f) = 14 + d*f + 3 - 3*f. Is l(-12) composite?
False
Suppose -4*f - 5*s = -43, -s - 25 = -2*f - 2*f. Suppose -2*w + 479 = 3*z, -f*z + 2*z = -w - 781. Is z prime?
True
Let l(g) = g**3 + 4*g**2 + g - 3. Let q be l(-3). Suppose q*r = 5*z + 1999, -2*z + 0*r = 5*r + 812. Let i = -210 - z. Is i a composite number?
False
Suppose -5*p + 2*z = 0, 3*p + 3*z = -7 + 28. Let x = p + 0. Is 2/(x + -1) + 75 a composite number?
True
Let y(f) = 2*f**3 - 11*f**2 - 6*f - 6. Is y(11) prime?
True
Suppose j - 3 = 14. Let w = j - 45. Let u = w - -113. Is u composite?
True
Suppose -2*b = 10, 130 = 5*u + 5*b - 3*b. Suppose -4*v - u = -112. Is v a composite number?
True
Suppose -a - 2*s + 1 + 0 = 0, 0 = -3*s - 3. Suppose a*k = -k + 304. Suppose -k + 19 = -3*d. Is d composite?
False
Let k(i) = -20*i**2 - 4*i - 5. Let c be k(-4). Let y(t) = -19*t**2 + 4*t - 1. Let q be y(3). Let m = q - c. Is m a composite number?
False
Let c = 430 - 292. Let w = -23 - -8. Is (w/9)/((-2)/c) composite?
True
Let z(k) = k**3 - 12*k**2 + 11*k + 6. Let x be z(9). Let q = x - -253. Is q prime?
False
Suppose 6*h - 1329 = 1797. Is h prime?
True
Suppose 4 = 3*m - 2. Let n(k) = 18*k - 3. Is n(m) prime?
False
Is -2*17/(-2)*29 prime?
False
Let t = -44 - 1. Let q(m) = m**3 - m**2 - m - 2. Let f be q(0). Is (-2)/4 + t/f a prime number?
False
Let x(t) = 45*t + 4. Let q be x(6). Let v be (32/(-40))/((-3)/15). Suppose v*u - 202 = q. Is u prime?
False
Suppose 5*q - 3*u = -5, -2*u = -5*q - 0*u. Let p(t) = -44*t**2 + 2*t + 2. Let o(v) = -22*v**2 + v + 1. Let h(n) = 5*o(n) - 3*p(n). Is h(q) a prime number?
False
Let t = 5 + -6. Let r(a) = -138*a + 1. Is r(t) prime?
True
Suppose -4425 + 301 = -4*s. Is s a prime number?
True
Suppose t - 5*t = -5*c - 301, 0 = t - 2*c - 79. Is t prime?
False
Let b be 1354/10 - 4/10. Suppose -z + x + 133 = -4*x, -b = -z + 4*x. Is z a composite number?
True
Let z(x) = 0 - 2*x - 1 + 7 + 2*x**2 - 1. Is z(-9) a prime number?
False
Let c be (-18)/63 + (-54)/7. Let u = c - -8. Suppose u = -g + 9 + 40. Is g prime?
False
Let d = 4 - 0. Is 69/12 + d/16 composite?
True
Suppose -2*o = -4*b - 34, 1 = b - 3. Suppose 5*r - o = 5. Is 15 + r/(-3) + 2 prime?
False
Suppose 0 = 3*s - 6 + 15. Let r = s + 2. Let m(t) = 47*t**2 + t + 1. Is m(r) prime?
True
Let r(f) = f - 3. Let p be -1*(2 - 1) - -7. Is r(p) prime?
True
Suppose -996 = -2*o - 4*b + 2934, -5*o - 3*b = -9839. Is o a prime number?
False
Let f = 325 + -116. Is f a prime number?
False
Let p be (-10)/15 - (-206)/3. Let w be p/(-3) + 14/21. Let x = w + 75. Is x prime?
True
Suppose -c = -1 - 1. Suppose 0 = n - 3, c*v - 66 = -0*n - 4*n. Is 4/18 + 885/v prime?
False
Suppose -r + a + 62 = 0, -4*r + 178 = 5*a - 70. Suppose -2*o = 3*o - 425. Suppose -3*m + r = -o. Is m composite?
True
Suppose -3*k - 6073 = -5*j + 198, -3*k - 3765 = -3*j. Is j composite?
True
Suppose 7*a = 32592 - 4529. Is a a prime number?
False
Let x(q) be the second derivative of q + 3/2*q**2 - 1/3*q**3 + 0. Is x(-9) prime?
False
Suppose -278 = -3*j + j + 4*z, 282 = 2*j - 2*z. Let s = j - -24. Let d = s - 118. Is d a prime number?
False
Let j be ((-2)/(-4))/((-2)/(-8)). Suppose 38 = l + t + 2, 4*l = -t + 159. Suppose 0 = 4*m - 3*x - l, -2*m + m = j*x - 13. Is m composite?
False
Suppose 0 = -3*a + 2*f + 155, 4*f - 220 = -3*a - a. Is a composite?
False
Let t(r) = r**2 - 7*r - 4. Let b be t(7). Let w be -2 - (-10 + b/2). Is 4/w + 246/10 prime?
False
Let b(w) = 23*w. Is b(7) a composite number?
True
Suppose 4*c = -5 - 3. Let x be (-1)/c*(0 - 0). Suppose 5*p - 30 = -x*p. Is p prime?
False
Suppose d + 76 = 3*d. Is d a prime number?
False
Suppose -3*n - 28 = 2*n + 4*a, 5*n + a = -22. Let t be (3/n)/((-5)/20). Suppose t*b = 44 + 49. Is b a prime number?
True
Suppose -2*m - 6 = q, -3*m - 32 = -2*q - 79. Let p = 9 - q. Is p composite?
True
Let b be 1/(-4) + 8/32. Suppose 11 = -2*t - 5*m, -6 = 2*m - b*m. Suppose 23 + 19 = t*g. Is g composite?
True
Let k(r) = -44*r. Let g be k(-9). Suppose g = 3*z + 5*a, 0*a + 130 = z + a. Is z a composite number?
False
Let o = 32 + -17. Is o a composite number?
True
Let k = 14 - 3. Let j = k - -18. Let c = 8 + j. Is c a prime number?
True
Let p(a) = a**3 + 6*a**2 - 4*a - 5. Suppose -4*o - o = -10, 0 = 3*m + 4*o + 10. Let r = 0 + m. Is p(r) composite?
False
Let s(k) = -10*k + 3. Let a be (1 + -1)*(-3 + 2). Suppose x + 5 = -a*x. Is s(x) composite?
False
Let p(v) = v + 2. Let s be p(0). Let r = s + 1. Let b(j) = 4*j**2 - 2*j + 3. Is b(r) composite?
True
Suppose c - 5*d - 116 = 0, -12 = 5*c - 3*d - 614. Is c prime?
False
Let b = 30 - -109. Is b a composite number?
False
Suppose 3*n - 74 = 85. Is n a composite number?
False
Let t(s) = -1480*s + 1. Is t(-1) composite?
False
Let p be (-9)/2*-1*-4. Let m be (6/p)/(1/(-393)). Let q = m - 42. Is q a prime number?
True
Let f = 346 - 243. Is f a prime number?
True
Let i be (-4)/(-12)*2433 + -1. Suppose 3*z - i - 525 = 0. Is z prime?
False
Let d = 25 + -6. Is d composite?
False
Suppose -5*j + 246 = 5*i - i, 318 = 5*i + j. Let h = i + 5. Is h composite?
True
Suppose -2*i + 7 + 17 = 0. Is i - (2 + (1 - 2)) composite?
False
Let g = -67 + 88. Is g composite?
True
Let k = 570 - -17. Is k a composite number?
False
Suppose -2*f + 5*u = 1 - 5, 2*f - 4 = -3*u. Suppose b + a - 94 = 50, -b + 159 = -f*a. Is b a prime number?
True
Suppose m - 3*m = 90. Let l = 96 - m. Is l composite?
True
Let j be (-3252)/(-20) + 3/(-5). Let f = j - 3. Is f composite?
True
Let q be ((-8)/(-10))/(24/2340). Suppose 4*w - q - 262 = 0. Is w a prime number?
False
Let h = -287 + 816. Is h a composite number?
True
Is ((-21)/(-4))/((-3)/(-12)*1) composite?
True
Suppose -s + 70 = 20. Let q = s + -19. Is q composite?
False
Suppose 5*f + 4*q + 7 = 0, -5*f - 2*q - 2 = -f. Is ((-201)/6)/(f/(-2)) composite?
False
Let u = 20 - 20. Suppose -b + 219 = 2*v, 2*b - 448 = v - u*v. Is b a composite number?
False
Let z(g) be the third derivative of 0 - 2/3*g**4 + 1/2*g**3 + 0*g + 3*g**2. Is z(-4) prime?
True
Let j(v) = -v**3 - v + 49. Let u = 0 + 0. Let g be j(u). Let r = g - 18. Is r composite?
False
Suppose -3*w + 217 = z - 5*z, 2*w + 5*z = 183. Is w a composite number?
False
Let i = 19 + -16. Suppose 2*y = i*a + 176, y + a = -a + 95. Is y composite?
True
Suppose -4 = -q - 0. Let o be (-1)/q + 125/4. Suppose -3*t - 2*k = -4*t + o, -2*k = -3*t + 97. Is t composite?
True
Let j(h) = -1402*h - 11. Is j(-3) composite?
True
Let l(o) = -4*o + 14*o + 14*o - 1 + 8. Is l(5) composite?
False
Let q(b) = 8*b + 1. Let a be q(2). Suppose -3*n = -3*v - 5*n - a, -n = -3*v - 32. Is 45 +